o(-7).
1
Let q(b) = 3*b - 27. Give q(12).
9
Let g(x) = x**3 + 7*x**2 + 5*x + 7. What is g(-5)?
32
Let i(y) = y**3 + 5*y**2 - 3*y - 11. What is i(-5)?
4
Let k(p) = -p**3 - 7*p**2 + 4*p - 9. Determine k(-8).
23
Let i(v) = -2*v - 3. Give i(10).
-23
Let b(n) = 2*n**2 - 14*n + 18. Determine b(6).
6
Let k(a) = -14*a + 487. Give k(35).
-3
Let o(h) = -h + 3. Calculate o(-4).
7
Let o(l) = 2*l**2 - 21*l. What is o(10)?
-10
Let b(n) = -n + 17. What is b(-16)?
33
Let y(j) = 24*j - 246. Determine y(12).
42
Let d(q) = -33*q - 865. What is d(-26)?
-7
Let l(d) = 3*d**3 - 5*d**2 - 14*d + 30. Determine l(2).
6
Let p(d) = -d + 6. What is p(-5)?
11
Let n(m) = -m**2 - 6*m + 1. What is n(-6)?
1
Let h(s) = -s**2 + 7*s + 15. What is h(8)?
7
Let c(l) = l**2 + 16*l + 58. What is c(-11)?
3
Let d(s) = 6*s + 2. Determine d(-3).
-16
Let y(n) = -n**3 - 4*n**2 + 9*n - 22. Give y(-6).
-4
Let t(p) = -16*p + 45. Determine t(2).
13
Let q(t) = -t**3 - 9*t**2 + 9*t - 6. What is q(-10)?
4
Let v(l) = -l - 1. Determine v(-4).
3
Let p(a) = -a**3 + 11*a**2 + 9*a + 23. Determine p(12).
-13
Let q(l) = l**3 + 6*l**2 - 3*l - 15. Give q(-6).
3
Let b(z) = -2*z + 17. Give b(8).
1
Let c(o) = -2*o**2 - 23*o - 10. Calculate c(-11).
1
Let h(z) = 2*z**2 + 13*z - 32. Give h(2).
2
Let u(t) = t**3 + t**2 - 10*t - 2. Calculate u(-3).
10
Let r(m) = -m**2 + 6*m + 7. Determine r(0).
7
Let v(m) = 6*m + 37. Calculate v(-16).
-59
Let j(q) = -2*q - 16. Determine j(-8).
0
Let v(g) = g**3 + 5*g**2 + 3*g - 3. Give v(-4).
1
Let w(c) = c**2 - 13*c + 36. Determine w(9).
0
Let d(f) = -3*f + 1. Calculate d(3).
-8
Let k(u) = u**2 - 8*u. Determine k(8).
0
Let j(u) = u**3 - 10*u**2 + 5. What is j(10)?
5
Let o(x) = -113*x + 116. Calculate o(1).
3
Let p(z) = 2*z**2 + 2*z + 15. What is p(0)?
15
Let y(z) = z**3 + 13*z**2 - 34*z - 22. Give y(-15).
38
Let r(g) = -12*g + 119. Calculate r(8).
23
Let s(r) = -5*r + 25. Give s(10).
-25
Let s(p) = p**2 - 34*p - 117. Calculate s(37).
-6
Let t(l) = -7*l - 45. Determine t(-6).
-3
Let r(u) = u**3 + u**2 - 23*u - 7. What is r(-5)?
8
Let j(p) = -p**3 + 6*p**2 - 9*p + 46. What is j(6)?
-8
Let x(y) = 4*y**2 + 6*y + 4. Determine x(-4).
44
Let c(b) = -2*b**2 - 17*b - 16. What is c(-8)?
-8
Let i(f) = -11*f**2 + 4*f - 3. Calculate i(1).
-10
Let o(n) = n**3 + 2*n**2 - 5*n. Calculate o(-3).
6
Let u(s) = -s**2 + 3*s + 17. Give u(-4).
-11
Let f(c) = 2*c**2 - 21*c + 55. Determine f(7).
6
Let o(k) = -3*k - 2. What is o(3)?
-11
Let y(c) = 10*c**2 + 2*c - 1. Determine y(1).
11
Let u(n) = -25*n**2 + 4*n - 5. Calculate u(2).
-97
Let g(b) = -11*b**2 - b. What is g(1)?
-12
Let q(r) = -4*r**2 + 51*r + 30. Calculate q(13).
17
Let o(d) = 3*d + 18. Calculate o(-8).
-6
Let b(y) = 34*y**2 + 3*y - 2. What is b(1)?
35
Let i(j) = -j**3 + 4*j**2 + 4*j + 13. Determine i(6).
-35
Let i(f) = f**2 - 5*f + 1. Determine i(4).
-3
Let c(h) = h**3 - 2*h**2 - 2*h - 3. What is c(3)?
0
Let g(t) = -t + 33. Give g(-10).
43
Let n(z) = z**3 - 2*z**2 - 36*z + 4. What is n(7)?
-3
Let j(y) = 50*y + 400. Calculate j(-8).
0
Let r(y) = -y**2 + 36*y + 40. What is r(37)?
3
Let j(u) = u**2 - 18. Calculate j(6).
18
Let y(h) = -h**2 + 4*h + 3. Determine y(4).
3
Let r(d) = 2*d + 25. Calculate r(-8).
9
Let p(z) = 3*z**2 - 40*z - 200. Determine p(-4).
8
Let a(f) = -f**3 + 3*f**2 + 14*f - 44. Calculate a(3).
-2
Let x(w) = 8*w + 3. Give x(0).
3
Let t(i) = i**2 + i + 4. Determine t(-8).
60
Let t(x) = -3*x**3 + 23*x**2 - 5*x - 12. Determine t(6).
138
Let j(c) = 3*c**3 + 18*c**2 - c + 5. Calculate j(-6).
11
Let t(d) = 2*d**2. Calculate t(1).
2
Let r(z) = z**2 + 4*z - 20. What is r(-9)?
25
Let a(b) = b**3 + 5*b**2 + 10*b + 78. Calculate a(-6).
-18
Let r(a) = a**3 - 7*a**2 - 21*a + 155. What is r(5)?
0
Let z(x) = -x**2 - 23*x - 8. Calculate z(-23).
-8
Let k(y) = -y**3 - 11*y**2 - 3*y - 33. What is k(-11)?
0
Let s(o) = o**3 + 7*o**2 + 3*o - 9. Determine s(-6).
9
Let l(v) = -30*v**2 + 5*v + 5. Give l(-1).
-30
Let y(u) = -2*u**2 - 76*u - 332. Give y(-33).
-2
Let f(x) = -17*x - 1. Give f(1).
-18
Let n(w) = -w**2 + 18*w + 28. Give n(20).
-12
Let d(z) = -3*z - 16. Determine d(-4).
-4
Let v(y) = -y**3 + 12*y**2 - 14*y - 56. Calculate v(10).
4
Let j(i) = 36*i - 356. Give j(10).
4
Let r(c) = c**2 + 2*c - 17. Calculate r(3).
-2
Let f(h) = -h**3 - 14*h**2 + 14*h - 15. Calculate f(-15).
0
Let m(z) = 7*z**2 - 3*z - 3. Give m(-2).
31
Let n(b) = -7*b + 205. Calculate n(29).
2
Let k(u) = u**3 + 8*u**2 + 2*u - 1. Determine k(-8).
-17
Let w(v) = v**3 + 2*v**2 + v + 2. Determine w(-2).
0
Let t(b) = 50*b + 268. Calculate t(-5).
18
Let k(j) = -j**2 + 12*j - 10. What is k(9)?
17
Let i(f) = -33*f - 563. Give i(-17).
-2
Let y(i) = -i**2 + 2*i. What is y(4)?
-8
Let u(a) = 3*a + 3. Determine u(-6).
-15
Let t(p) = -p**2 + 3*p + 20. Give t(7).
-8
Let y(r) = 3*r + 7. Calculate y(6).
25
Let j(w) = -w**3 - 16*w**2 - 15*w - 1. Calculate j(-15).
-1
Let f(y) = -y**3 + 17*y**2 - 9*y - 84. Give f(16).
28
Let b(k) = -2*k**3 - k**2 + 3*k + 2. What is b(-2)?
8
Let s(y) = y + 11. What is s(-1)?
10
Let c(u) = 15*u - 2. What is c(1)?
13
Let u(y) = -4*y - 2. Determine u(12).
-50
Let g(o) = o**3 + 9*o**2 + o - 16. Calculate g(-7).
75
Let h(r) = r**3 + 6*r - 2. Determine h(3).
43
Let h(o) = o + 6. Give h(-14).
-8
Let a(r) = r**2 - 37*r - 3. What is a(37)?
-3
Let j(n) = 8*n**3 - n**2 - 4*n + 4. Give j(1).
7
Let n(o) = -o**3 + 17*o**2 - 43*o + 2. Give n(14).
-12
Let c(x) = -x**3 - 5*x**2 + 19*x + 13. Give c(-7).
-22
Let v(u) = 2*u + 63. Calculate v(-31).
1
Let w(d) = 6*d + 32. Determine w(-6).
-4
Let a(k) = -6*k + 6. Give a(0).
6
Let m(n) = -n**3 + 7*n**2 + 37*n - 5. Give m(-4).
23
Let a(b) = 6*b - 17. Calculate a(8).
31
Let o(b) = -b**3 - 13*b**2 - 29*b + 9. Determine o(-10).
-1
Let k(n) = n**3 - 6*n**2 - 10*n - 4. Determine k(8).
44
Let a(i) = -i**3 - i**2 + 22*i - 13. Determine a(5).
-53
Let p(d) = -2*d + 33. What is p(5)?
23
Let g(y) = -105*y - 1. Determine g(1).
-106
Let y(f) = -f**2 + 8*f - 1. Determine y(4).
15
Let v(l) = -l + 3. Give v(6).
-3
Let g(x) = x**3 - 9*x**2 + 19*x + 12. Give g(5).
7
Let q(l) = 7*l**3 + l**2 + 1. What is q(2)?
61
Let m(f) = -f**3 - 11*f**2 + 3*f - 8. Determine m(-11).
-41
Let x(n) = -10*n + 48. Calculate x(0).
48
Let w(m) = -m**3 + 4*m**2 - 2*m + 3. Calculate w(4).
-5
Let y(d) = d + 3. What is y(7)?
10
Let v(f) = f**3 + 4*f**2 - 10*f + 15. Determine v(-6).
3
Let x(u) = u**2 + 26*u - 62. What is x(-28)?
-6
Let h(w) = w**3 - 50*w**2 + 95*w - 1. Determine h(48).
-49
Let u(p) = -3*p + 48. Calculate u(7).
27
Let u(v) = -v**3 + 10*v**2 + 11*v - 8. Give u(11).
-8
Let c(a) = -a**2 + 50*a + 396. Calculate c(-7).
-3
Let p(w) = 19*w + 221. Calculate p(-11).
12
Let r(b) = b**2 + 16*b + 56. What is r(-18)?
92
Let d(q) = -6*q**2 + 5*q + 1. What is d(-2)?
-33
Let m(y) = 34*y + 214. Give m(-6).
10
Let n(q) = -q**2 + 4*q + 2. Determine n(7).
-19
Let y(s) = 2*s - 2. Determine y(-11).
-24
Let h(i) = -5*i - 153. Give h(-25).
-28
Let v(c) = -c**2 - c - 4. Give v(0).
-4
Let d(x) = -x**3 + 16*x**2 + 36*x + 7. Calculate d(18).
7
Let d(w) = -16*w. Calculate d(-3).
48
Let f(z) = -7*z + 111. Give f(17).
-8
Let i(d) = d**2 + 2*d + 5. What is i(-3)?
8
Let g(t) = -2*t**3 + 2*t**2 + 3*t - 5. Determine g(2).
-7
Let f(s) = -s**3 - 5*s**2 + 13. What is f(-3)?
-5
Let c(z) = z**3 + 10*z**2 + 11*z + 9. Give c(-9).
-9
Let l(m) = -m**2 - 23*m - 65. Give l(-20).
-5
Let v(w) = -14*w + 75. Give v(6).
-9
Let p(x) = x**2 - 45*x + 370. Give p(34).
-4
Let g(s) = -s**3 - 3*s**2 + 8*s + 3. Calculate g(-5).
13
Let b(j) = j**3 - 10*j**2 + 9*j + 11. Determine b(9).
11
Let k(c) = c**3 - 6*c**2 + 10*c + 8. Determine k(5).
33
Let l(p) = -p**3 - 28*p**2 + 28*p - 29. What is l(-29)?
0
Let u(y) = -y**2 + 2*y. Calculate u(3).
-3
Let w(t) = 2*t**2 + 3*t + 2. Calculate w(3).
29
Let x(g) = g + 23. Calculate x(-10).
13
Let p(d) = 2*d**2 - 14*d - 22. Calculate p(12).
98
Let v(a) = -a**3 + 7*a**2 + 45*a - 32. What is v(11)?
-21
Let k(q) = -q**3 - 5*q**2 - 5*q - 1. Determine k(-1).
0
Let a(j) = -j**3 - 7*j**2 + j. What is a(-7)?
-7
Let k(g) = 2*g**2 - 16*g + 12. What is k(7)?
-2
Let f(o) = o**3 - 7*o**2 + 2*o - 28. Give f(7).
-14
Let v(s) = -s**2 + 16*s + 5. Calculate v(16).
5
Let t(a) = a**3 + 8*a**2 + 11*a + 39. Give t(-7).
11
Let z(t) = 12*t - 25. Determine z(4).
23
Let k(s) = 9*s + 2. Determine k(-2).
-16
Let h(l) = -l